{"id":710,"date":"2022-02-23T10:14:08","date_gmt":"2022-02-23T10:14:08","guid":{"rendered":"http:\/\/cempecafen.com\/?page_id=710"},"modified":"2022-03-15T20:03:49","modified_gmt":"2022-03-16T01:03:49","slug":"about","status":"publish","type":"page","link":"https:\/\/cempecafen.com\/?page_id=710","title":{"rendered":"Acerca de"},"content":{"rendered":"\n<div class=\"wp-block-group alignfull has-ast-global-color-5-background-color has-background\"><div class=\"wp-block-group__inner-container is-layout-flow wp-block-group-is-layout-flow\">\n<div class=\"wp-block-columns is-layout-flex wp-container-core-columns-is-layout-9d6595d7 wp-block-columns-is-layout-flex\">\n<div class=\"wp-block-column is-vertically-aligned-center is-layout-flow wp-block-column-is-layout-flow\">\n<hr class=\"wp-block-separator has-text-color has-background has-ast-global-color-3-background-color has-ast-global-color-3-color\"\/>\n\n\n\n<h5 class=\"has-medium-font-size wp-block-heading\">Nuestra Historia<\/h5>\n\n\n\n<p>La cooperativa de empleados, pensionados y ex empleados de la Federaci\u00f3n Nacional de Cafeteros de Colombia, Almacaf\u00e9 S.A. y de las Cooperativas de Caficultores, CEMPECAFEN es una cooperativa que opera en la ciudad de San Juan de Pasto, Departamento de Nari\u00f1o, Rep\u00fablica de Colombia, con personer\u00eda jur\u00eddica otorgada mediante resoluci\u00f3n 00644 del 14 de abril de 1987 del departamento administrativo de econom\u00eda solidaria, e inscrita en la C\u00e1mara de Comercio de Pasto bajo el registro mercantil n\u00famero 272, identificada con NIT. No\u00a0 800007514 \u2013 8, fundada por los trabajadores del Comit\u00e9 de Cafeteros Nari\u00f1o Sres. Carlos Mart\u00ednez, Rodrigo Bastidas, Melba Sof\u00eda Erazo, Jorge Laureano Burbano, Ligia Rivera de Melo, siendo el Secretario el Sr. Paco Alfredo Bravo, el d\u00eda 10 de Junio de 1987,\u00a0\u00a0 despu\u00e9s de una reuni\u00f3n realizada en el departamento administrativo y bajo el lema una idea al servicio de todos.<\/p>\n\n\n\n<p>Cempecafen inicial sus operaciones el d\u00eda 20 de Junio de 1986, con un capital inicial de $6.000.000. Es una cooperativa asociativa sin \u00e1nimo de lucro, de inter\u00e9s social y de responsabilidad limitada, cuyos asociados son simult\u00e1neamente aportantes y gestores de la entidad, su radio de acci\u00f3n se extiende a todo el territorio del departamento, con plena autonom\u00eda, el Consejo de Administraci\u00f3n podr\u00e1 establecer las oficinas y otras dependencias que estime conveniente dentro del mencionado territorio, previo estudio socioecon\u00f3mico que justifique su creaci\u00f3n.<\/p>\n\n\n\n<p>El objeto social de la Cooperativa es brindar cr\u00e9dito a sus asociados, desarrollando y financiando planes de vivienda, prestando servicios sociales a la comunidad asociada y otros de car\u00e1cter civil o laboral a entidades ajenas a la Asociaci\u00f3n. La duraci\u00f3n de la Cooperativa es indefinida, pero podr\u00e1 disolverse en cualquier momento de conformidad con las disposiciones de la Ley y los estatutos.&nbsp;<\/p>\n\n\n\n<p>La Cooperativa, se organiza dentro de los principios universales del Cooperativismo y de caracter\u00edsticas de conformidad&nbsp; con lo dispuesto en las leyes del sector vigentes, la Cooperativa podr\u00e1 suscribir convenios con organismos institucionales del pa\u00eds, especialmente con la Federaci\u00f3n Nacional de Cafeteros Comit\u00e9 Departamental de Nari\u00f1o y Almacaf\u00e9 S.A.<\/p>\n\n\n\n<p>Buscando siempre el bienestar de los asociados el primer curso que se dict\u00f3 fue sobre cooperativismo en Julio de 1986 en Chachagu\u00ed,&nbsp; dictado por el Dr.&nbsp; Eduardo David M. Director de Cooperativas de la Federaci\u00f3n Nacional de Cafeteros. En el desarrollo del curso se habl\u00f3 y aprob\u00f3 para la cooperativa el tema referente a los aportes, llegando a un acuerdo para que se hicieran los descuentos&nbsp; de la cuota de admisi\u00f3n as\u00ed; $300, 10 certificados de aportaciones&nbsp; de $500 y el 3% mensual sobre sueldos y primas semestrales&nbsp; de Junio y Diciembre.<\/p>\n\n\n\n<p>Su primera l\u00ednea de cr\u00e9dito fue el ordinario, con un capital de $2.000.000, se atendieron cr\u00e9ditos de $50.000, a un plazo de seis meses y el inter\u00e9s del 18% anual, la segunda&nbsp; l\u00ednea de cr\u00e9dito fue el estudiantil por un valor de $30.000, a tres meses y un inter\u00e9s del 18% anual.<\/p>\n\n\n\n<p>Se realiza una publicidad en el peri\u00f3dico Amigo, donde se da a conocer los distintos servicios de la Cooperativa, cuya primera edici\u00f3n aparece&nbsp; en Junio de 1987, tratando tambi\u00e9n temas sobre lo que es la&nbsp; Cooperaci\u00f3n, el Cooperativismo, y el origen hist\u00f3rico del Cooperativismo.<\/p>\n\n\n\n<p>Se promueven concursos e investigaciones&nbsp; sobre&nbsp; el significado de los colores y el escudo Cooperativo. En los Archivos de la Cooperativa se encuentran trabajos muy interesantes sobre estos temas. Esto demuestra el gran entusiasmo y amor con que se inici\u00f3 esta Cooperativa. Actualmente la cooperativa se encuentra desarrollando su objeto social, mediante el pr\u00e9stamo de dinero a sus asociados, que para el a\u00f1o 2012 en cartera de cr\u00e9dito la cooperativa tenia $884.340.392<\/p>\n\n\n\n<h1 class=\"wp-block-heading\"><a>VISI\u00d3N<\/a><\/h1>\n\n\n\n<p>\u201c<a><\/a><a><\/a><a>Ser reconocida dentro del sector solidario, como una Organizaci\u00f3n Cooperativa l\u00edder en la b\u00fasqueda del bienestar y desarrollo de sus asociados y de su grupo familiar, a trav\u00e9s del fortalecimiento del pensamiento solidario colectivo y participativo, orientados a la satisfacci\u00f3n de las necesidades y bienestar com\u00fan<\/a>\u201d<\/p>\n\n\n\n<h1 class=\"wp-block-heading\">MISI\u00d3N<\/h1>\n\n\n\n<p>\u201c<a>Contribuir al mejoramiento de la calidad de vida y satisfacci\u00f3n de las necesidades, por medio de la b\u00fasqueda constante del bienestar social, mental, f\u00edsico, intelectual y moral de los asociados y sus familias, a trav\u00e9s de prestaci\u00f3n de servicios integrales y competitivos, servicios financieros, asesor\u00eda efectiva, respuesta oportuna, entre otros; con el fin de fortalecer las relaciones rec\u00edprocas de confianza, permanencia y cooperaci\u00f3n<\/a>\u201d.<\/p>\n\n\n\n<p><\/p>\n<\/div>\n\n\n\n<div class=\"wp-block-column is-layout-flow wp-block-column-is-layout-flow\">\n<div class=\"wp-block-image\"><figure class=\"aligncenter size-full\"><img loading=\"lazy\" decoding=\"async\" width=\"520\" height=\"520\" src=\"https:\/\/cempecafen.com\/wp-content\/uploads\/2020\/12\/about-09-free-img.jpg\" alt=\"About Image\" class=\"wp-image-503\" srcset=\"https:\/\/cempecafen.com\/wp-content\/uploads\/2020\/12\/about-09-free-img.jpg 520w, https:\/\/cempecafen.com\/wp-content\/uploads\/2020\/12\/about-09-free-img-300x300.jpg 300w, https:\/\/cempecafen.com\/wp-content\/uploads\/2020\/12\/about-09-free-img-150x150.jpg 150w\" sizes=\"auto, (max-width: 520px) 100vw, 520px\" \/><\/figure><\/div>\n<\/div>\n<\/div>\n<\/div><\/div>\n\n\n\n<div class=\"wp-block-cover alignfull\" style=\"min-height:1265px;aspect-ratio:unset;\"><span aria-hidden=\"true\" class=\"has-ast-global-color-5-background-color has-background-dim-80 wp-block-cover__gradient-background has-background-dim\"><\/span><img loading=\"lazy\" decoding=\"async\" width=\"1441\" height=\"825\" class=\"wp-block-cover__image-background wp-image-946\" alt=\"\" src=\"https:\/\/cempecafen.com\/wp-content\/uploads\/2022\/02\/graphic-image-1.png\" style=\"object-position:48% 65%\" data-object-fit=\"cover\" data-object-position=\"48% 65%\" srcset=\"https:\/\/cempecafen.com\/wp-content\/uploads\/2022\/02\/graphic-image-1.png 1441w, https:\/\/cempecafen.com\/wp-content\/uploads\/2022\/02\/graphic-image-1-300x172.png 300w, https:\/\/cempecafen.com\/wp-content\/uploads\/2022\/02\/graphic-image-1-1024x586.png 1024w, https:\/\/cempecafen.com\/wp-content\/uploads\/2022\/02\/graphic-image-1-768x440.png 768w\" sizes=\"auto, (max-width: 1441px) 100vw, 1441px\" \/><div class=\"wp-block-cover__inner-container is-layout-flow wp-block-cover-is-layout-flow\">\n<h2 class=\"has-text-align-center has-ast-global-color-2-color has-text-color wp-block-heading\">Pr\u00f3ximamente<\/h2>\n\n\n\n<p class=\"has-text-align-center has-ast-global-color-3-color has-text-color\">Aqu\u00ed encontrar\u00e1 nuestras fotos<\/p>\n\n\n\n<hr class=\"wp-block-separator aligncenter\"\/>\n\n\n\n<div class=\"wp-block-columns is-layout-flex wp-container-core-columns-is-layout-9d6595d7 wp-block-columns-is-layout-flex\">\n<div class=\"wp-block-column is-layout-flow wp-block-column-is-layout-flow\">\n<div class=\"wp-block-image\"><figure class=\"aligncenter size-full\"><img loading=\"lazy\" decoding=\"async\" width=\"371\" height=\"550\" src=\"https:\/\/cempecafen.com\/wp-content\/uploads\/2020\/12\/about-003-free-img.jpg\" alt=\"About Image\" class=\"wp-image-510\" srcset=\"https:\/\/cempecafen.com\/wp-content\/uploads\/2020\/12\/about-003-free-img.jpg 371w, https:\/\/cempecafen.com\/wp-content\/uploads\/2020\/12\/about-003-free-img-202x300.jpg 202w\" sizes=\"auto, (max-width: 371px) 100vw, 371px\" \/><\/figure><\/div>\n\n\n\n<div class=\"wp-block-image\"><figure class=\"alignright size-full\"><img loading=\"lazy\" decoding=\"async\" width=\"271\" height=\"270\" src=\"https:\/\/cempecafen.com\/wp-content\/uploads\/2020\/12\/about-008-free-img.jpg\" alt=\"About Image\" class=\"wp-image-515\" srcset=\"https:\/\/cempecafen.com\/wp-content\/uploads\/2020\/12\/about-008-free-img.jpg 271w, https:\/\/cempecafen.com\/wp-content\/uploads\/2020\/12\/about-008-free-img-150x150.jpg 150w\" sizes=\"auto, (max-width: 271px) 100vw, 271px\" \/><\/figure><\/div>\n<\/div>\n\n\n\n<div class=\"wp-block-column is-layout-flow wp-block-column-is-layout-flow\">\n<div class=\"wp-block-image\"><figure class=\"aligncenter size-full\"><img loading=\"lazy\" decoding=\"async\" width=\"371\" height=\"350\" src=\"https:\/\/cempecafen.com\/wp-content\/uploads\/2020\/12\/about-004-free-img.jpg\" alt=\"About Image\" class=\"wp-image-511\" srcset=\"https:\/\/cempecafen.com\/wp-content\/uploads\/2020\/12\/about-004-free-img.jpg 371w, https:\/\/cempecafen.com\/wp-content\/uploads\/2020\/12\/about-004-free-img-300x283.jpg 300w\" sizes=\"auto, (max-width: 371px) 100vw, 371px\" \/><\/figure><\/div>\n\n\n\n<div class=\"wp-block-image\"><figure class=\"aligncenter size-full is-resized\"><img loading=\"lazy\" decoding=\"async\" src=\"https:\/\/cempecafen.com\/wp-content\/uploads\/2020\/12\/about-006-free-img.jpg\" alt=\"About Image\" class=\"wp-image-513\" width=\"373\" height=\"509\" srcset=\"https:\/\/cempecafen.com\/wp-content\/uploads\/2020\/12\/about-006-free-img.jpg 271w, https:\/\/cempecafen.com\/wp-content\/uploads\/2020\/12\/about-006-free-img-220x300.jpg 220w\" sizes=\"auto, (max-width: 373px) 100vw, 373px\" \/><\/figure><\/div>\n<\/div>\n\n\n\n<div class=\"wp-block-column is-layout-flow wp-block-column-is-layout-flow\">\n<div class=\"wp-block-image\"><figure class=\"aligncenter size-full\"><img loading=\"lazy\" decoding=\"async\" width=\"371\" height=\"400\" src=\"https:\/\/cempecafen.com\/wp-content\/uploads\/2020\/12\/about-005-free-img.jpg\" alt=\"About Image\" class=\"wp-image-512\" srcset=\"https:\/\/cempecafen.com\/wp-content\/uploads\/2020\/12\/about-005-free-img.jpg 371w, https:\/\/cempecafen.com\/wp-content\/uploads\/2020\/12\/about-005-free-img-278x300.jpg 278w\" sizes=\"auto, (max-width: 371px) 100vw, 371px\" \/><\/figure><\/div>\n\n\n\n<figure class=\"wp-block-image size-full is-resized\"><img loading=\"lazy\" decoding=\"async\" src=\"https:\/\/cempecafen.com\/wp-content\/uploads\/2020\/12\/about-007-free-img.jpg\" alt=\"About Image\" class=\"wp-image-514\" width=\"191\" height=\"140\"\/><\/figure>\n<\/div>\n<\/div>\n<\/div><\/div>\n\n\n\n<div class=\"wp-block-group alignfull has-ast-global-color-5-background-color has-background\"><div class=\"wp-block-group__inner-container is-layout-flow wp-block-group-is-layout-flow\"><\/div><\/div>\n\n\n\n<div class=\"wp-block-group alignfull has-ast-global-color-5-background-color has-background\"><div class=\"wp-block-group__inner-container is-layout-flow wp-block-group-is-layout-flow\">\n<hr class=\"wp-block-separator has-text-color has-background has-ast-global-color-3-background-color has-ast-global-color-3-color is-style-wide\"\/>\n<\/div><\/div>\n","protected":false},"excerpt":{"rendered":"<p>Nuestra Historia La cooperativa de empleados, pensionados y ex empleados de la Federaci\u00f3n Nacional de Cafeteros de Colombia, Almacaf\u00e9 S.A. y de las Cooperativas de Caficultores, CEMPECAFEN es una cooperativa que opera en la ciudad de San Juan de Pasto, Departamento de Nari\u00f1o, Rep\u00fablica de Colombia, con personer\u00eda jur\u00eddica otorgada mediante resoluci\u00f3n 00644 del 14&hellip; <br \/> <a class=\"read-more\" href=\"https:\/\/cempecafen.com\/?page_id=710\">Leer m\u00e1s<\/a><\/p>\n","protected":false},"author":1,"featured_media":0,"parent":0,"menu_order":0,"comment_status":"closed","ping_status":"closed","template":"page-templates\/page-with-left-sidebar.php","meta":{"om_disable_all_campaigns":false,"_uag_custom_page_level_css":"","_monsterinsights_skip_tracking":false,"_monsterinsights_sitenote_active":false,"_monsterinsights_sitenote_note":"","_monsterinsights_sitenote_category":0,"footnotes":""},"class_list":["post-710","page","type-page","status-publish","hentry"],"uagb_featured_image_src":{"full":false,"thumbnail":false,"medium":false,"medium_large":false,"large":false,"1536x1536":false,"2048x2048":false,"post-thumbnail":false,"mesmerize-full-hd":false},"uagb_author_info":{"display_name":"cempecafen@gmail.com","author_link":"https:\/\/cempecafen.com\/?author=1"},"uagb_comment_info":0,"uagb_excerpt":"Nuestra Historia La cooperativa de empleados, pensionados y ex empleados de la Federaci\u00f3n Nacional de Cafeteros de Colombia, Almacaf\u00e9 S.A. y de las Cooperativas de Caficultores, CEMPECAFEN es una cooperativa que opera en la ciudad de San Juan de Pasto, Departamento de Nari\u00f1o, Rep\u00fablica de Colombia, con personer\u00eda jur\u00eddica otorgada mediante resoluci\u00f3n 00644 del 14&hellip;&hellip;","_links":{"self":[{"href":"https:\/\/cempecafen.com\/index.php?rest_route=\/wp\/v2\/pages\/710","targetHints":{"allow":["GET"]}}],"collection":[{"href":"https:\/\/cempecafen.com\/index.php?rest_route=\/wp\/v2\/pages"}],"about":[{"href":"https:\/\/cempecafen.com\/index.php?rest_route=\/wp\/v2\/types\/page"}],"author":[{"embeddable":true,"href":"https:\/\/cempecafen.com\/index.php?rest_route=\/wp\/v2\/users\/1"}],"replies":[{"embeddable":true,"href":"https:\/\/cempecafen.com\/index.php?rest_route=%2Fwp%2Fv2%2Fcomments&post=710"}],"version-history":[{"count":6,"href":"https:\/\/cempecafen.com\/index.php?rest_route=\/wp\/v2\/pages\/710\/revisions"}],"predecessor-version":[{"id":1501,"href":"https:\/\/cempecafen.com\/index.php?rest_route=\/wp\/v2\/pages\/710\/revisions\/1501"}],"wp:attachment":[{"href":"https:\/\/cempecafen.com\/index.php?rest_route=%2Fwp%2Fv2%2Fmedia&parent=710"}],"curies":[{"name":"wp","href":"https:\/\/api.w.org\/{rel}","templated":true}]}}

<div class="wp-block-group alignfull has-ast-global-color-5-background-color has-background"><div class="wp-block-group__inner-container is-layout-flow wp-block-group-is-layout-flow">
<div class="wp-block-columns is-layout-flex wp-container-core-columns-is-layout-9d6595d7 wp-block-columns-is-layout-flex">
<div class="wp-block-column is-vertically-aligned-center is-layout-flow wp-block-column-is-layout-flow">
<hr class="wp-block-separator has-text-color has-background has-ast-global-color-3-background-color has-ast-global-color-3-color"/>



<h5 class="has-medium-font-size wp-block-heading">Nuestra Historia</h5>



<p>La cooperativa de empleados, pensionados y ex empleados de la Federación Nacional de Cafeteros de Colombia, Almacafé S.A. y de las Cooperativas de Caficultores, CEMPECAFEN es una cooperativa que opera en la ciudad de San Juan de Pasto, Departamento de Nariño, República de Colombia, con personería jurídica otorgada mediante resolución 00644 del 14 de abril de 1987 del departamento administrativo de economía solidaria, e inscrita en la Cámara de Comercio de Pasto bajo el registro mercantil número 272, identificada con NIT. No  800007514 – 8, fundada por los trabajadores del Comité de Cafeteros Nariño Sres. Carlos Martínez, Rodrigo Bastidas, Melba Sofía Erazo, Jorge Laureano Burbano, Ligia Rivera de Melo, siendo el Secretario el Sr. Paco Alfredo Bravo, el día 10 de Junio de 1987,   después de una reunión realizada en el departamento administrativo y bajo el lema una idea al servicio de todos.</p>



<p>Cempecafen inicial sus operaciones el día 20 de Junio de 1986, con un capital inicial de $6.000.000. Es una cooperativa asociativa sin ánimo de lucro, de interés social y de responsabilidad limitada, cuyos asociados son simultáneamente aportantes y gestores de la entidad, su radio de acción se extiende a todo el territorio del departamento, con plena autonomía, el Consejo de Administración podrá establecer las oficinas y otras dependencias que estime conveniente dentro del mencionado territorio, previo estudio socioeconómico que justifique su creación.</p>



<p>El objeto social de la Cooperativa es brindar crédito a sus asociados, desarrollando y financiando planes de vivienda, prestando servicios sociales a la comunidad asociada y otros de carácter civil o laboral a entidades ajenas a la Asociación. La duración de la Cooperativa es indefinida, pero podrá disolverse en cualquier momento de conformidad con las disposiciones de la Ley y los estatutos.&nbsp;</p>



<p>La Cooperativa, se organiza dentro de los principios universales del Cooperativismo y de características de conformidad&nbsp; con lo dispuesto en las leyes del sector vigentes, la Cooperativa podrá suscribir convenios con organismos institucionales del país, especialmente con la Federación Nacional de Cafeteros Comité Departamental de Nariño y Almacafé S.A.</p>



<p>Buscando siempre el bienestar de los asociados el primer curso que se dictó fue sobre cooperativismo en Julio de 1986 en Chachaguí,&nbsp; dictado por el Dr.&nbsp; Eduardo David M. Director de Cooperativas de la Federación Nacional de Cafeteros. En el desarrollo del curso se habló y aprobó para la cooperativa el tema referente a los aportes, llegando a un acuerdo para que se hicieran los descuentos&nbsp; de la cuota de admisión así; $300, 10 certificados de aportaciones&nbsp; de $500 y el 3% mensual sobre sueldos y primas semestrales&nbsp; de Junio y Diciembre.</p>



<p>Su primera línea de crédito fue el ordinario, con un capital de $2.000.000, se atendieron créditos de $50.000, a un plazo de seis meses y el interés del 18% anual, la segunda&nbsp; línea de crédito fue el estudiantil por un valor de $30.000, a tres meses y un interés del 18% anual.</p>



<p>Se realiza una publicidad en el periódico Amigo, donde se da a conocer los distintos servicios de la Cooperativa, cuya primera edición aparece&nbsp; en Junio de 1987, tratando también temas sobre lo que es la&nbsp; Cooperación, el Cooperativismo, y el origen histórico del Cooperativismo.</p>



<p>Se promueven concursos e investigaciones&nbsp; sobre&nbsp; el significado de los colores y el escudo Cooperativo. En los Archivos de la Cooperativa se encuentran trabajos muy interesantes sobre estos temas. Esto demuestra el gran entusiasmo y amor con que se inició esta Cooperativa. Actualmente la cooperativa se encuentra desarrollando su objeto social, mediante el préstamo de dinero a sus asociados, que para el año 2012 en cartera de crédito la cooperativa tenia $884.340.392</p>



<h1 class="wp-block-heading"><a>VISIÓN</a></h1>



<p>“<a></a><a></a><a>Ser reconocida dentro del sector solidario, como una Organización Cooperativa líder en la búsqueda del bienestar y desarrollo de sus asociados y de su grupo familiar, a través del fortalecimiento del pensamiento solidario colectivo y participativo, orientados a la satisfacción de las necesidades y bienestar común</a>”</p>



<h1 class="wp-block-heading">MISIÓN</h1>



<p>“<a>Contribuir al mejoramiento de la calidad de vida y satisfacción de las necesidades, por medio de la búsqueda constante del bienestar social, mental, físico, intelectual y moral de los asociados y sus familias, a través de prestación de servicios integrales y competitivos, servicios financieros, asesoría efectiva, respuesta oportuna, entre otros; con el fin de fortalecer las relaciones recíprocas de confianza, permanencia y cooperación</a>”.</p>



<p></p>
</div>



<div class="wp-block-column is-layout-flow wp-block-column-is-layout-flow">
<div class="wp-block-image"><figure class="aligncenter size-full"><img loading="lazy" decoding="async" width="520" height="520" src="https://cempecafen.com/wp-content/uploads/2020/12/about-09-free-img.jpg" alt="About Image" class="wp-image-503" srcset="https://cempecafen.com/wp-content/uploads/2020/12/about-09-free-img.jpg 520w, https://cempecafen.com/wp-content/uploads/2020/12/about-09-free-img-300x300.jpg 300w, https://cempecafen.com/wp-content/uploads/2020/12/about-09-free-img-150x150.jpg 150w" sizes="auto, (max-width: 520px) 100vw, 520px" /></figure></div>
</div>
</div>
</div></div>



<div class="wp-block-cover alignfull" style="min-height:1265px;aspect-ratio:unset;"><span aria-hidden="true" class="has-ast-global-color-5-background-color has-background-dim-80 wp-block-cover__gradient-background has-background-dim"></span><img loading="lazy" decoding="async" width="1441" height="825" class="wp-block-cover__image-background wp-image-946" alt="" src="https://cempecafen.com/wp-content/uploads/2022/02/graphic-image-1.png" style="object-position:48% 65%" data-object-fit="cover" data-object-position="48% 65%" srcset="https://cempecafen.com/wp-content/uploads/2022/02/graphic-image-1.png 1441w, https://cempecafen.com/wp-content/uploads/2022/02/graphic-image-1-300x172.png 300w, https://cempecafen.com/wp-content/uploads/2022/02/graphic-image-1-1024x586.png 1024w, https://cempecafen.com/wp-content/uploads/2022/02/graphic-image-1-768x440.png 768w" sizes="auto, (max-width: 1441px) 100vw, 1441px" /><div class="wp-block-cover__inner-container is-layout-flow wp-block-cover-is-layout-flow">
<h2 class="has-text-align-center has-ast-global-color-2-color has-text-color wp-block-heading">Próximamente</h2>



<p class="has-text-align-center has-ast-global-color-3-color has-text-color">Aquí encontrará nuestras fotos</p>



<hr class="wp-block-separator aligncenter"/>



<div class="wp-block-columns is-layout-flex wp-container-core-columns-is-layout-9d6595d7 wp-block-columns-is-layout-flex">
<div class="wp-block-column is-layout-flow wp-block-column-is-layout-flow">
<div class="wp-block-image"><figure class="aligncenter size-full"><img loading="lazy" decoding="async" width="371" height="550" src="https://cempecafen.com/wp-content/uploads/2020/12/about-003-free-img.jpg" alt="About Image" class="wp-image-510" srcset="https://cempecafen.com/wp-content/uploads/2020/12/about-003-free-img.jpg 371w, https://cempecafen.com/wp-content/uploads/2020/12/about-003-free-img-202x300.jpg 202w" sizes="auto, (max-width: 371px) 100vw, 371px" /></figure></div>



<div class="wp-block-image"><figure class="alignright size-full"><img loading="lazy" decoding="async" width="271" height="270" src="https://cempecafen.com/wp-content/uploads/2020/12/about-008-free-img.jpg" alt="About Image" class="wp-image-515" srcset="https://cempecafen.com/wp-content/uploads/2020/12/about-008-free-img.jpg 271w, https://cempecafen.com/wp-content/uploads/2020/12/about-008-free-img-150x150.jpg 150w" sizes="auto, (max-width: 271px) 100vw, 271px" /></figure></div>
</div>



<div class="wp-block-column is-layout-flow wp-block-column-is-layout-flow">
<div class="wp-block-image"><figure class="aligncenter size-full"><img loading="lazy" decoding="async" width="371" height="350" src="https://cempecafen.com/wp-content/uploads/2020/12/about-004-free-img.jpg" alt="About Image" class="wp-image-511" srcset="https://cempecafen.com/wp-content/uploads/2020/12/about-004-free-img.jpg 371w, https://cempecafen.com/wp-content/uploads/2020/12/about-004-free-img-300x283.jpg 300w" sizes="auto, (max-width: 371px) 100vw, 371px" /></figure></div>



<div class="wp-block-image"><figure class="aligncenter size-full is-resized"><img loading="lazy" decoding="async" src="https://cempecafen.com/wp-content/uploads/2020/12/about-006-free-img.jpg" alt="About Image" class="wp-image-513" width="373" height="509" srcset="https://cempecafen.com/wp-content/uploads/2020/12/about-006-free-img.jpg 271w, https://cempecafen.com/wp-content/uploads/2020/12/about-006-free-img-220x300.jpg 220w" sizes="auto, (max-width: 373px) 100vw, 373px" /></figure></div>
</div>



<div class="wp-block-column is-layout-flow wp-block-column-is-layout-flow">
<div class="wp-block-image"><figure class="aligncenter size-full"><img loading="lazy" decoding="async" width="371" height="400" src="https://cempecafen.com/wp-content/uploads/2020/12/about-005-free-img.jpg" alt="About Image" class="wp-image-512" srcset="https://cempecafen.com/wp-content/uploads/2020/12/about-005-free-img.jpg 371w, https://cempecafen.com/wp-content/uploads/2020/12/about-005-free-img-278x300.jpg 278w" sizes="auto, (max-width: 371px) 100vw, 371px" /></figure></div>



<figure class="wp-block-image size-full is-resized"><img loading="lazy" decoding="async" src="https://cempecafen.com/wp-content/uploads/2020/12/about-007-free-img.jpg" alt="About Image" class="wp-image-514" width="191" height="140"/></figure>
</div>
</div>
</div></div>



<div class="wp-block-group alignfull has-ast-global-color-5-background-color has-background"><div class="wp-block-group__inner-container is-layout-flow wp-block-group-is-layout-flow"></div></div>



<div class="wp-block-group alignfull has-ast-global-color-5-background-color has-background"><div class="wp-block-group__inner-container is-layout-flow wp-block-group-is-layout-flow">
<hr class="wp-block-separator has-text-color has-background has-ast-global-color-3-background-color has-ast-global-color-3-color is-style-wide"/>
</div></div>

<p>Nuestra Historia La cooperativa de empleados, pensionados y ex empleados de la Federación Nacional de Cafeteros de Colombia, Almacafé S.A. y de las Cooperativas de Caficultores, CEMPECAFEN es una cooperativa que opera en la ciudad de San Juan de Pasto, Departamento de Nariño, República de Colombia, con personería jurídica otorgada mediante resolución 00644 del 14&hellip; <br /> <a class="read-more" href="https://cempecafen.com/?page_id=710">Leer más</a></p>

Nuestra Historia La cooperativa de empleados, pensionados y ex empleados de la Federación Nacional de Cafeteros de Colombia, Almacafé S.A. y de las Cooperativas de Caficultores, CEMPECAFEN es una cooperativa que opera en la ciudad de San Juan de Pasto, Departamento de Nariño, República de Colombia, con personería jurídica otorgada mediante resolución 00644 del 14&hellip;&hellip;
